/10 - k**4/6 + k**3 - k**2/2 - 8*k. Is r(l) a composite number?
True
Suppose -5*w - t = 2*t - 72, -t - 76 = -5*w. Suppose w*r - 1308 = 11*r. Is r - (-2 - (-4 + 6)) a composite number?
False
Is 1066194/102 + (-24)/(-204) a prime number?
True
Let m = -21 - -21. Suppose m = 13*b - 16*b + 1353. Is b a composite number?
True
Suppose 0 = 2*y - 2*h - 18488, -4*h + 46175 = -0*y + 5*y. Is y a composite number?
False
Let z(v) = v**2 - v + 7. Let h be z(0). Suppose -14 = 3*f + d, 0 = -4*f + 3*d - h*d - 16. Is 1/f + 7944/20 prime?
True
Let m = 31058 + -17896. Is m a prime number?
False
Suppose -12 = 4*u, 3*l + 0*u = -4*u. Suppose 3*r - 3*v = 933, -l*r + v + 256 = -976. Is r prime?
True
Suppose -4*y = -4*w - 28, -4*y - 4*w = -3*y + 18. Suppose 327 = 5*r - 2*h - 6066, -h - 2558 = -y*r. Is r a prime number?
True
Suppose -10*r + 8*r + 10170 = -4*h, -3*r + h + 15280 = 0. Is r composite?
True
Is (-7139654)/(-50) + (-26)/325 a prime number?
False
Let w = 1483 - -748. Is w a prime number?
False
Suppose -5*h + 2960 = -7685. Is h prime?
True
Let i = -13790 + 20851. Is i a composite number?
True
Let p = -6 - -11. Suppose p*o - 19 + 4 = 0. Suppose o*m - 26 = 31. Is m composite?
False
Let r(o) = o**3 + 15*o**2 + 2*o - 31. Let y(c) = -c - 27. Let k be y(-17). Is r(k) a composite number?
False
Let x(g) be the third derivative of -g**7/840 + g**6/180 + g**5/40 - g**4/24 + 4*g**3/3 + 3*g**2. Let o(r) be the first derivative of x(r). Is o(-6) composite?
False
Suppose 3*a = -2*u + 37921, 106*u = 101*u + a + 94794. Is u a prime number?
True
Suppose 0*z = -5*x - 5*z + 670, 2*x - 5*z = 261. Let v = x - 209. Is (-62)/(v/(-28) - 3) prime?
False
Let b(z) = z**2 - 3*z + 3. Let d be b(3). Suppose 7*q = d*q + 1028. Is q composite?
False
Suppose -4*y + 4*d = -25568, 3*d + 6380 = y + 6*d. Is y a composite number?
False
Let g(a) = -a**3 + 16*a**2 - 2*a + 20. Let j be g(12). Is j/4 + 7/(-7) prime?
False
Suppose -6*u = -u - 75. Suppose -u*w - 1686 = -18*w. Is w prime?
False
Suppose 0 = -5*c + 5*f - 20 + 85, -52 = -4*c + f. Suppose 3*w + 14 = 5*p, -2*w - 3*p + 16 = -0*p. Let a = w + c. Is a composite?
True
Let c(x) = 27*x**2 + 53*x + 387. Is c(-10) prime?
True
Let l = 3 - -1. Suppose 5 = l*v + 37. Is (-1146)/9*12/v a composite number?
False
Let d(q) = -4*q - 4. Let k be d(-3). Suppose 2*x = -u + 10, -3*u + 10 = 2*x - k. Is (0 + -1)*(u - 561) prime?
True
Let w be ((-2764)/8)/(3/6). Is -2 - 2/(-1) - w a prime number?
True
Let n = 34711 + -20876. Is n prime?
False
Suppose s = 0, -4*w + 4*s + 1140 = w. Suppose o - w = -4*x + 1017, o = -x + 1248. Is o composite?
False
Let g be 25/(-15) - (-2)/3. Let h be 5*((-14)/(-5) + g). Suppose 3*r - 174 = -h. Is r prime?
False
Suppose 0*s = -2*s - 3*k + 82, 2*k - 41 = -s. Suppose 0 = 5*c + s - 1. Let q = c - -335. Is q a composite number?
True
Is 61653/7 + (-8)/14 composite?
False
Suppose 7*b = 36 - 1. Let f(m) = 51*m - 52. Is f(b) a composite number?
True
Suppose 1063 = h - 1978. Is h a composite number?
False
Let r(h) = 41*h**2 + 18*h - 204. Is r(11) a prime number?
False
Suppose -4*s = -l - s + 2164, -4373 = -2*l - 3*s. Is l prime?
True
Let l = -5035 + 9156. Is l prime?
False
Suppose -2*p = 5616 - 18362. Is p prime?
True
Suppose -2*f + 3 + 3 = 2*o, 0 = -o - 4*f - 3. Suppose r - 2*r = o*w - 468, 3*r - 370 = -4*w. Suppose -5*s = -3*s - w. Is s a prime number?
True
Let m be (-40)/(-3)*6/4. Suppose 6*n + m = 11*n. Suppose -2*r - 5*h = -517, -1243 = -4*r - r + n*h. Is r composite?
False
Let k = -8 - -12. Suppose -2*c = -r + 11, 5*c + 26 = -3*r + k*r. Is r/(3/750) + 1 a composite number?
False
Let j(n) = 4*n**3 - 4*n**2 + 2*n - 8. Let f be j(4). Let c = f - -659. Is c a composite number?
True
Let b(c) = c**2 - 2*c - 3. Let f(p) = -2*p**2 + 3*p + 6. Let z(i) = 7*b(i) + 3*f(i). Suppose 4*k = 2*k + 16. Is z(k) composite?
True
Let b(s) = -s**2 + 13*s - 20. Let a be b(8). Let y(c) = 2*c**2 - 19*c - 23. Is y(a) prime?
True
Suppose 31 = -2*i - 9. Is (3846/4)/((-30)/i) composite?
False
Let t = 11 - 6. Let p(y) = y + 6*y**2 - 2 - 9*y**2 + t*y**2. Is p(3) prime?
True
Let o(j) = 67*j + 31. Let a be o(10). Suppose 0 = 5*y - a + 66. Is y composite?
False
Let c = -20 - -22. Suppose c*p + t - 282 = 0, 3*p + 10*t - 437 = 5*t. Is p prime?
True
Suppose 20*z = 23*z + 36. Let u(a) = a**2 - 8*a + 11. Let s(c) = 2*c**2 - 15*c + 23. Let n(r) = -6*s(r) + 13*u(r). Is n(z) composite?
False
Let m = 18109 - 8756. Is m a prime number?
False
Let i = -49 - -53. Suppose 0 = n - 3*k + 2*k - 228, -952 = -i*n - 4*k. Is n composite?
False
Suppose -17*f = -369581 - 82296. Is f composite?
True
Let q = 0 - -11. Let h = 9 - -89. Let b = q + h. Is b prime?
True
Is 320/1120 - 220650/(-14) a prime number?
True
Suppose -2*y - 15 + 21 = 0, 2*y + 711 = 3*k. Is k a composite number?
False
Suppose -24 = 3*s - 5*z + 1, 19 = -5*s - 3*z. Let j be 2814/(-9)*(-1 + s). Suppose -k - 3*k = -j. Is k a composite number?
True
Let c = -7605 + 15670. Is c a prime number?
False
Suppose k - 11 = 4*g, -3*g - 15 = 4*k - 2. Let n = 9 + -5. Is n/2 + 42 - g composite?
False
Suppose 49558 = 4*y - 3*z, -2*y - 24788 = -4*y - 3*z. Is y a composite number?
False
Let m(q) = 13652*q - 3. Is m(1) a composite number?
False
Suppose -2*i + 0*i + f + 6 = 0, 4*i + 5*f - 26 = 0. Suppose -267 + 89 = -2*v. Suppose -i*u = -5*g - v, -3*u = -2*u - 4*g - 14. Is u prime?
False
Let x(j) = 3*j**2 - 4*j + 3. Let l be x(1). Suppose 0 = p + l*p - 4629. Is p a composite number?
False
Suppose 0 = -6*o + o - 5155. Let u = o + 1497. Suppose w = -w + u. Is w prime?
True
Let h be -21*(-3)/27*3. Suppose -23 = h*l + 362. Is (-22176)/l - (-1)/(-5) prime?
False
Let h = -2 - -2. Suppose h = -5*g + 4*g - 68. Let d = 111 + g. Is d a composite number?
False
Let a(s) be the second derivative of -s**5/20 - s**4/2 - s**3/6 + 3*s. Let j be a(-6). Suppose -f = -j*f + 15. Is f composite?
False
Suppose n = 2*d - 3*n - 37912, -d + n = -18958. Suppose 5*x - d = v, 0*x = -5*x - v + 18970. Is x a prime number?
True
Suppose l + k + 1651 = -4*l, -2*k + 658 = -2*l. Let f = l - -625. Is f composite?
True
Suppose 4*k = 5*m + 51769, 2*k - 15769 = -4*m + 10109. Is k a composite number?
False
Is ((-526)/6)/(-5 - 11936/(-2388)) a prime number?
False
Suppose -3*r = -2*c - 41, 53 = -0*r + 3*r - 5*c. Let y(w) = 5 - 4*w**2 + 12*w**2 - r*w - 1. Is y(7) a prime number?
False
Let h(u) = u + 14. Let l = -16 - -6. Let o be h(l). Suppose o*j - 2*j = 102. Is j composite?
True
Let r(w) = 30*w**2 - 3 - 3*w + 4*w - 23*w**2. Is r(19) composite?
False
Let m = -8347 + 4689. Is 2*3*1/6 - m prime?
True
Is (0 - 2)/(6/(-1533)) prime?
False
Let t = -14 - -18. Suppose -t*q - 16 = 0, 102 = -5*m + q + 551. Is m a prime number?
True
Let k(z) = z**3 + z**2 + z. Let q(n) = 5*n**3 + 14*n**2 + 6*n - 3. Let w(r) = -6*k(r) + q(r). Let o be w(8). Is o + 6/9*57 prime?
False
Is 348/928 - (0 - (-189802)/(-16)) a prime number?
True
Let l be 19020/70 + (-2)/(-7). Suppose -4*h + l = -236. Is h prime?
True
Let c(i) = 5*i**3 - i**2. Let x be c(-1). Is (-1330)/x + (-8)/12 composite?
True
Suppose -1779 - 1419 = -3*h. Is (-7 - -5)*h/(-4) - 0 composite?
True
Suppose 3*z - 4*a = 14 + 1, 3*a + 10 = 2*z. Let y = 2 - z. Is 12/18 - 283/y prime?
False
Suppose 3*w + 2*w = 33395. Is w composite?
False
Is 21398985/81*2/10 a composite number?
False
Let i(d) = -8*d + 1097. Is i(0) composite?
False
Suppose 15*p + 123481 = 19*p + 5*g, -2*p + 3*g + 61735 = 0. Is p a composite number?
False
Let z = 6 + -5. Let w(n) be the third derivative of 187*n**5/30 - n**4/12 + n**3/6 + 15*n**2. Is w(z) prime?
True
Let q(a) = -63*a**2 + 6*a - 7. Let r be q(3). Is (r/4)/(-2 + 1) a prime number?
True
Let o(y) = y**3 - 1. Let k(j) = -2*j**3 - 32*j**2 - 17*j + 30. Let u(f) = -k(f) - o(f). Is u(-23) a prime number?
False
Let m be -38107 - 9/((-36)/(-16)). Is 4/6 + m/(-69) composite?
True
Suppose 26545 = -19*q + 22*q - c, 3*c - 6 = 0. Is q composite?
False
Suppose -4*q - 8*q = -204684. Is q a composite number?
True
Let v(j) = j**3 - 13*j**2 + 12*j + 9. Let w be v(12). Let k(p) = 81*p + 20. Is k(w) composite?
True
Let m = 369 - -75. Suppose 3*j = 3*z + m, 0 = -2*z - 5 - 1. Is j composite?
True
Suppose -2485 = -3*d + i + 597, -3*i = 4*d - 4105. Is d a prime number?
False
Let f(x) = -x**3 + 10*x**2 - 5*x - 11. Let v be f(9). Suppose 0 = -29*u + v*u + 2564. Is